d by 3216?
621
What is the remainder when 7506414 is divided by 3928?
6
Calculate the remainder when 22581713 is divided by 93700.
13
Calculate the remainder when 7274792 is divided by 3637390.
12
What is the remainder when 11005152 is divided by 805?
802
What is the remainder when 30538924 is divided by 761?
755
Calculate the remainder when 789990 is divided by 22568.
110
Calculate the remainder when 567261 is divided by 160.
61
What is the remainder when 279693 is divided by 2309?
304
Calculate the remainder when 36930494 is divided by 508.
418
What is the remainder when 7437442 is divided by 198?
166
Calculate the remainder when 110196367 is divided by 134.
127
Calculate the remainder when 155204 is divided by 3374.
0
Calculate the remainder when 664861 is divided by 36933.
67
Calculate the remainder when 4573110 is divided by 6676.
50
What is the remainder when 9240 is divided by 717?
636
Calculate the remainder when 15634351 is divided by 321.
46
What is the remainder when 32453750 is divided by 1622687?
10
Calculate the remainder when 25636672 is divided by 1761.
34
What is the remainder when 86691 is divided by 1130?
811
What is the remainder when 3272085 is divided by 467439?
12
What is the remainder when 10308291 is divided by 137?
0
Calculate the remainder when 12742458 is divided by 1466.
1452
Calculate the remainder when 758541740 is divided by 2668.
2660
Calculate the remainder when 3177457 is divided by 237.
235
What is the remainder when 11674692 is divided by 1193?
1187
What is the remainder when 35052 is divided by 1056?
204
Calculate the remainder when 32536 is divided by 755.
71
Calculate the remainder when 955024 is divided by 3838.
3200
What is the remainder when 1372609 is divided by 1778?
1771
What is the remainder when 81268 is divided by 4752?
484
Calculate the remainder when 122944 is divided by 58364.
6216
Calculate the remainder when 2530325 is divided by 31.
12
What is the remainder when 152562654 is divided by 17?
13
Calculate the remainder when 6699408 is divided by 209342.
464
Calculate the remainder when 1966711 is divided by 199.
193
What is the remainder when 14586440 is divided by 32559?
8
What is the remainder when 135084 is divided by 2149?
1846
What is the remainder when 44640 is divided by 295?
95
What is the remainder when 33145384 is divided by 186210?
4
What is the remainder when 44377 is divided by 2461?
79
What is the remainder when 2073749 is divided by 4891?
4856
What is the remainder when 6758 is divided by 820?
198
Calculate the remainder when 4185093 is divided by 1025.
18
What is the remainder when 586629 is divided by 12481?
22
What is the remainder when 975914667 is divided by 2746?
2743
Calculate the remainder when 80150758 is divided by 25.
8
What is the remainder when 465364 is divided by 3079?
435
Calculate the remainder when 4369667 is divided by 7369.
7219
What is the remainder when 207728 is divided by 235?
223
What is the remainder when 22999285 is divided by 3035?
55
What is the remainder when 557805 is divided by 119?
52
Calculate the remainder when 86783695 is divided by 513.
511
Calculate the remainder when 9198886 is divided by 9755.
9676
What is the remainder when 1909394 is divided by 70673?
1223
What is the remainder when 15248 is divided by 2000?
1248
What is the remainder when 165459293 is divided by 27576546?
17
What is the remainder when 5609430 is divided by 333?
45
What is the remainder when 59036 is divided by 1068?
296
What is the remainder when 35490 is divided by 34953?
537
What is the remainder when 622164 is divided by 70?
4
What is the remainder when 60629578 is divided by 1557?
1555
Calculate the remainder when 198808391 is divided by 16567365.
11
What is the remainder when 13137505 is divided by 561?
7
What is the remainder when 37953 is divided by 37596?
357
What is the remainder when 700468 is divided by 21226?
10
What is the remainder when 175024363 is divided by 13378?
13367
Calculate the remainder when 4431523 is divided by 857.
833
What is the remainder when 59715 is divided by 292?
147
What is the remainder when 133996767 is divided by 2107?
2102
Calculate the remainder when 1711556 is divided by 1529.
605
What is the remainder when 636947 is divided by 318467?
13
What is the remainder when 528325 is divided by 463?
42
What is the remainder when 661631 is divided by 914?
809
What is the remainder when 6053413 is divided by 1163?
1161
Calculate the remainder when 64927920 is divided by 2033.
2032
What is the remainder when 4689427 is divided by 360721?
54
What is the remainder when 10704178 is divided by 66?
34
What is the remainder when 19532440 is divided by 702?
694
What is the remainder when 13097505 is divided by 21?
15
Calculate the remainder when 574703 is divided by 302.
299
What is the remainder when 80741 is divided by 37?
7
What is the remainder when 724834 is divided by 6145?
5869
Calculate the remainder when 181247 is divided by 25871.
150
Calculate the remainder when 3758196 is divided by 21.
15
Calculate the remainder when 283434 is divided by 5142.
624
Calculate the remainder when 149264 is divided by 148966.
298
What is the remainder when 931347 is divided by 1469?
1
Calculate the remainder when 15361408 is divided by 59.
50
What is the remainder when 28827 is divided by 5761?
22
Calculate the remainder when 278219 is divided by 168.
11
Calculate the remainder when 2532689 is divided by 633154.
73
Calculate the remainder when 112716 is divided by 2147.
1072
Calculate the remainder when 2728664 is divided by 45.
44
What is the remainder when 55087 is divided by 2?
1
Calculate the remainder when 79158 is divided by 511.
464
Calculate the remainder when 365021999 is divided by 21.
20
Calculate the remainder when 790186 is divided by 11620.
26
What is the remainder when 13116199 is divided by 1109?
56
What is the remainder when 2344859 is divided by 16?
11
What is the remainder when 47067656 is divided by 528850?
6
Calculate the remainder when 26166 is divided by 38.
22
Calculate the remainder when 37006460 is divided by 54.
44
What is the remainder when 1870584 is divided by 157?
86
What is the remainder when 2176369 is divided by 591?
307
Calculate the remainder when 1757126 is divided by 423.
407
Calculate the remainder when 327824 is divided by 207.
143
What is the remainder when 12967459 is divided by 726?
373
What is the remainder when 38462 is divided by 34505?
3957
What is the remainder when 1146827 is divided by 313?
308
What is the remainder when 309688 is divided by 2668?
200
Calculate the remainder when 28020433 is divided by 5604059.
138
What is the remainder when 241597 is divided by 1139?
129
What is the remainder when 49635 is divided by 49129?
506
What is the remainder when 48065 is divided by 1697?
549
What is the remainder when 40004734 is divided by 91544?
6
Calculate the remainder when 296361 is divided by 73801.
1157
What is the remainder when 26343 is divided by 1644?
39
What is the remainder when 1286055 is divided by 114?
21
What is the remainder when 1104113 is divided by 220209?
3068
What is the remainder when 28742174 is divided by 1225?
1224
What is the remainder when 37818 is divided by 18729?
360
Calculate the remainder when 37683 is divided by 365.
88
What is the remainder when 2701446 is divided by 1350691?
64
Calculate the remainder when 4172379 is divided by 1390783.
30
Calculate the remainder when 670137 is divided by 83577.
1521
What is the remainder when 478501 is divided by 208?
101
Calculate the remainder when 278912528 is divided by 65.
63
Calculate the remainder when 476399 is divided by 2589.
23
Calculate the remainder when 311613 is divided by 523.
428
What is the remainder when 2999150 is divided by 236?
62
What is the remainder when 3962153 is divided by 5347?
26
Calculate the remainder when 8193783 is divided by 376.
367
Calculate the remainder when 1219360 is divided by 406376.
232
Calculate the remainder when 2654335 is divided by 8937.
46
What is the remainder when 1906040 is divided by 2032?
24
What is the remainder when 120701 is divided by 7094?
103
What is the remainder when 109616048 is divided by 37?
33
Calculate the remainder when 2168148 is divided by 7798.
304
Calculate the remai